{"id":400,"date":"2021-03-15T20:21:50","date_gmt":"2021-03-15T21:21:50","guid":{"rendered":"https:\/\/www.logoleicht.de\/?page_id=400"},"modified":"2026-02-09T05:30:53","modified_gmt":"2026-02-09T06:30:53","slug":"team-2","status":"publish","type":"page","link":"https:\/\/www.logoleicht.de\/?page_id=400","title":{"rendered":"Team"},"content":{"rendered":"\t\t<div data-elementor-type=\"wp-page\" data-elementor-id=\"400\" class=\"elementor elementor-400\">\n\t\t\t\t\t\t<section class=\"elementor-section elementor-top-section elementor-element elementor-element-54940487 elementor-section-boxed elementor-section-height-default elementor-section-height-default\" data-id=\"54940487\" data-element_type=\"section\" data-e-type=\"section\">\n\t\t\t\t\t\t<div class=\"elementor-container elementor-column-gap-default\">\n\t\t\t\t\t<div class=\"elementor-column elementor-col-100 elementor-top-column elementor-element elementor-element-8b51bd2\" data-id=\"8b51bd2\" data-element_type=\"column\" data-e-type=\"column\">\n\t\t\t<div class=\"elementor-widget-wrap elementor-element-populated\">\n\t\t\t\t\t\t<div class=\"elementor-element elementor-element-71a4850 elementor-widget elementor-widget-text-editor\" data-id=\"71a4850\" data-element_type=\"widget\" data-e-type=\"widget\" data-widget_type=\"text-editor.default\">\n\t\t\t\t<div class=\"elementor-widget-container\">\n\t\t\t\t\t\t\t\t\t<h2 class=\"has-text-align-center\"><strong>Therapeutin<\/strong><\/h2>\n<p class=\"has-text-align-center\"><strong>____<\/strong><\/p>\n<div class=\"wp-block-group\">\n<div class=\"wp-block-group__inner-container\">\n<h4 class=\"has-text-align-center\">Petra Leicht<\/h4>\n<p>\u00a0<\/p>\n<\/div>\n<\/div>\n<p style=\"text-align: center;\">Staatlich anerkannte Erzieherin<\/p>\n<p style=\"text-align: center;\">P\u00e4dagogische Mitarbeiterin in der Berufsausbildung<\/p>\n<p style=\"text-align: center;\">Staatlich anerkannte Logop\u00e4din<\/p>\n<p style=\"text-align: center;\">seit 2006 als selbst\u00e4ndige Logop\u00e4din t\u00e4tig<\/p>\n<p style=\"text-align: center;\">Zertifiziertes Therapiebegleithunde -Team<\/p>\n<p><!-- \/wp:heading --><!-- wp:paragraph {\"align\":\"center\"} --><!-- \/wp:paragraph --><!-- wp:group --><!-- \/wp:group --><!-- wp:list --><\/p>\n<p>\u00a0<\/p>\n<p style=\"text-align: center;\"><strong>Schwerpunkt<\/strong>: Therapie kindlicher Aussprachest\u00f6rungen<\/p>\t\t\t\t\t\t\t\t<\/div>\n\t\t\t\t<\/div>\n\t\t\t\t<div class=\"elementor-element elementor-element-75b59e1 elementor-arrows-position-inside elementor-pagination-position-outside elementor-widget elementor-widget-image-carousel\" data-id=\"75b59e1\" data-element_type=\"widget\" data-e-type=\"widget\" data-settings=\"{&quot;navigation&quot;:&quot;both&quot;,&quot;autoplay&quot;:&quot;yes&quot;,&quot;pause_on_hover&quot;:&quot;yes&quot;,&quot;pause_on_interaction&quot;:&quot;yes&quot;,&quot;autoplay_speed&quot;:5000,&quot;infinite&quot;:&quot;yes&quot;,&quot;speed&quot;:500}\" data-widget_type=\"image-carousel.default\">\n\t\t\t\t<div class=\"elementor-widget-container\">\n\t\t\t\t\t\t\t<div class=\"elementor-image-carousel-wrapper swiper\" role=\"region\" aria-roledescription=\"carousel\" aria-label=\"Bild Karussell\" dir=\"ltr\">\n\t\t\t<div class=\"elementor-image-carousel swiper-wrapper\" aria-live=\"off\">\n\t\t\t\t\t\t\t\t<div class=\"swiper-slide\" role=\"group\" aria-roledescription=\"slide\" aria-label=\"1 von 5\"><figure class=\"swiper-slide-inner\"><img decoding=\"async\" class=\"swiper-slide-image\" src=\"https:\/\/www.logoleicht.de\/wp-content\/uploads\/2021\/02\/IMG_2213-150x150.jpg\" alt=\"IMG_2213\" \/><\/figure><\/div><div class=\"swiper-slide\" role=\"group\" aria-roledescription=\"slide\" aria-label=\"2 von 5\"><figure class=\"swiper-slide-inner\"><img decoding=\"async\" class=\"swiper-slide-image\" src=\"https:\/\/www.logoleicht.de\/wp-content\/uploads\/2021\/02\/IMG_2475-150x150.jpeg\" alt=\"IMG_2475\" \/><\/figure><\/div><div class=\"swiper-slide\" role=\"group\" aria-roledescription=\"slide\" aria-label=\"3 von 5\"><figure class=\"swiper-slide-inner\"><img decoding=\"async\" class=\"swiper-slide-image\" src=\"https:\/\/www.logoleicht.de\/wp-content\/uploads\/2021\/02\/20210129_181221-150x150.jpg\" alt=\"20210129_181221\" \/><\/figure><\/div><div class=\"swiper-slide\" role=\"group\" aria-roledescription=\"slide\" aria-label=\"4 von 5\"><figure class=\"swiper-slide-inner\"><img decoding=\"async\" class=\"swiper-slide-image\" src=\"https:\/\/www.logoleicht.de\/wp-content\/uploads\/2021\/01\/cropped-IMG_2284-150x150.jpg\" alt=\"cropped-IMG_2284.jpg\" \/><\/figure><\/div><div class=\"swiper-slide\" role=\"group\" aria-roledescription=\"slide\" aria-label=\"5 von 5\"><figure class=\"swiper-slide-inner\"><img decoding=\"async\" class=\"swiper-slide-image\" src=\"https:\/\/www.logoleicht.de\/wp-content\/uploads\/2021\/01\/IMG_20190116_152043-150x150.jpg\" alt=\"\" \/><\/figure><\/div>\t\t\t<\/div>\n\t\t\t\t\t\t\t\t\t\t\t\t<div class=\"elementor-swiper-button elementor-swiper-button-prev\" role=\"button\" tabindex=\"0\">\n\t\t\t\t\t\t<i aria-hidden=\"true\" class=\"eicon-chevron-left\"><\/i>\t\t\t\t\t<\/div>\n\t\t\t\t\t<div class=\"elementor-swiper-button elementor-swiper-button-next\" role=\"button\" tabindex=\"0\">\n\t\t\t\t\t\t<i aria-hidden=\"true\" class=\"eicon-chevron-right\"><\/i>\t\t\t\t\t<\/div>\n\t\t\t\t\n\t\t\t\t\t\t\t\t\t<div class=\"swiper-pagination\"><\/div>\n\t\t\t\t\t\t\t\t\t<\/div>\n\t\t\t\t\t\t<\/div>\n\t\t\t\t<\/div>\n\t\t\t\t<div class=\"elementor-element elementor-element-7e9fb8ae elementor-widget elementor-widget-text-editor\" data-id=\"7e9fb8ae\" data-element_type=\"widget\" data-e-type=\"widget\" data-widget_type=\"text-editor.default\">\n\t\t\t\t<div class=\"elementor-widget-container\">\n\t\t\t\t\t\t\t\t\t<h2 style=\"text-align: center;\"><strong>Therapiebegleithund<\/strong><\/h2>\n<p><!-- \/wp:paragraph --><!-- wp:paragraph --><\/p>\n<p style=\"text-align: center;\">____<\/p>\n<p><!-- \/wp:paragraph --><!-- wp:paragraph --><\/p>\n<h4 style=\"text-align: center;\">CHARLY of Joys Golden Genesis<\/h4>\n<p><!-- \/wp:paragraph --><!-- wp:list --><\/p>\n<p style=\"text-align: center;\">Golden Retriever &#8211; R\u00fcde<\/p>\n<p style=\"text-align: center;\">geboren am 23.12.2015<\/p>\n<p style=\"text-align: center;\">2018 Erlangung des Zertifikats<\/p>\n<p style=\"text-align: center;\">&#8222;Therapiebegleithunde \u2013 Team&#8220;<\/p>\n<p><!-- \/wp:list --><!-- wp:paragraph --><\/p>\n<p style=\"text-align: center;\">Rezertifizierung 2023<\/p>\n<p style=\"text-align: center;\">_____<\/p>\n<p><!-- \/wp:paragraph --><!-- wp:list --><\/p>\n<p style=\"text-align: center;\">Regelm\u00e4\u00dfiges Training in der Hundeschule<\/p>\n<p style=\"text-align: center;\">bei<\/p>\n<p><!-- \/wp:list --><!-- wp:paragraph --><\/p>\n<p style=\"text-align: center;\">Franziska Herre &#8211; <a href=\"http:\/\/www.martinruetter.com\/erfurt-weimar\/\">http:\/\/www.martinruetter.com\/erfurt-weimar\/<\/a><\/p>\n<p><!-- \/wp:paragraph --><\/p>\t\t\t\t\t\t\t\t<\/div>\n\t\t\t\t<\/div>\n\t\t\t\t\t<\/div>\n\t\t<\/div>\n\t\t\t\t\t<\/div>\n\t\t<\/section>\n\t\t\t\t<\/div>\n\t\t","protected":false},"excerpt":{"rendered":"<p>Therapeutin ____ Petra Leicht \u00a0 Staatlich anerkannte Erzieherin P\u00e4dagogische Mitarbeiterin in der Berufsausbildung Staatlich anerkannte Logop\u00e4din seit 2006 als selbst\u00e4ndige Logop\u00e4din t\u00e4tig Zertifiziertes Therapiebegleithunde -Team \u00a0 Schwerpunkt: Therapie kindlicher Aussprachest\u00f6rungen &hellip; <\/p>\n","protected":false},"author":1,"featured_media":189,"parent":0,"menu_order":0,"comment_status":"closed","ping_status":"closed","template":"","meta":{"footnotes":""},"class_list":["post-400","page","type-page","status-publish","has-post-thumbnail","hentry","latest_post"],"_links":{"self":[{"href":"https:\/\/www.logoleicht.de\/index.php?rest_route=\/wp\/v2\/pages\/400","targetHints":{"allow":["GET"]}}],"collection":[{"href":"https:\/\/www.logoleicht.de\/index.php?rest_route=\/wp\/v2\/pages"}],"about":[{"href":"https:\/\/www.logoleicht.de\/index.php?rest_route=\/wp\/v2\/types\/page"}],"author":[{"embeddable":true,"href":"https:\/\/www.logoleicht.de\/index.php?rest_route=\/wp\/v2\/users\/1"}],"replies":[{"embeddable":true,"href":"https:\/\/www.logoleicht.de\/index.php?rest_route=%2Fwp%2Fv2%2Fcomments&post=400"}],"version-history":[{"count":44,"href":"https:\/\/www.logoleicht.de\/index.php?rest_route=\/wp\/v2\/pages\/400\/revisions"}],"predecessor-version":[{"id":501,"href":"https:\/\/www.logoleicht.de\/index.php?rest_route=\/wp\/v2\/pages\/400\/revisions\/501"}],"wp:featuredmedia":[{"embeddable":true,"href":"https:\/\/www.logoleicht.de\/index.php?rest_route=\/wp\/v2\/media\/189"}],"wp:attachment":[{"href":"https:\/\/www.logoleicht.de\/index.php?rest_route=%2Fwp%2Fv2%2Fmedia&parent=400"}],"curies":[{"name":"wp","href":"https:\/\/api.w.org\/{rel}","templated":true}]}}